{"id":3477,"date":"2024-11-07T15:12:27","date_gmt":"2024-11-07T15:12:27","guid":{"rendered":"https:\/\/www.javeriano.edu.co\/javerianonew\/?page_id=3477"},"modified":"2024-11-07T15:13:00","modified_gmt":"2024-11-07T15:13:00","slug":"poliza-de-seguro-estudiantil","status":"publish","type":"page","link":"https:\/\/www.javeriano.edu.co\/javerianonew\/poliza-de-seguro-estudiantil\/","title":{"rendered":"P\u00f3liza de Seguro Estudiantil"},"content":{"rendered":"\t\t<div data-elementor-type=\"wp-page\" data-elementor-id=\"3477\" class=\"elementor elementor-3477\" data-elementor-post-type=\"page\">\n\t\t\t\t<div class=\"elementor-element elementor-element-dae6fff e-flex e-con-boxed e-con e-parent\" data-id=\"dae6fff\" data-element_type=\"container\">\n\t\t\t\t\t<div class=\"e-con-inner\">\n\t\t\t\t<div class=\"elementor-element elementor-element-0e3b7da elementor-widget-divider--view-line elementor-widget elementor-widget-divider\" data-id=\"0e3b7da\" data-element_type=\"widget\" data-widget_type=\"divider.default\">\n\t\t\t\t<div class=\"elementor-widget-container\">\n\t\t\t\t\t\t\t<div class=\"elementor-divider\">\n\t\t\t<span class=\"elementor-divider-separator\">\n\t\t\t\t\t\t<\/span>\n\t\t<\/div>\n\t\t\t\t\t\t<\/div>\n\t\t\t\t<\/div>\n\t\t\t\t\t<\/div>\n\t\t\t\t<\/div>\n\t\t<div class=\"elementor-element elementor-element-054c4eb e-flex e-con-boxed e-con e-parent\" data-id=\"054c4eb\" data-element_type=\"container\">\n\t\t\t\t\t<div class=\"e-con-inner\">\n\t\t<div class=\"elementor-element elementor-element-e8c3938 e-con-full e-flex e-con e-child\" data-id=\"e8c3938\" data-element_type=\"container\">\n\t\t\t\t<div class=\"elementor-element elementor-element-5bc7b78 elementor-widget elementor-widget-heading\" data-id=\"5bc7b78\" data-element_type=\"widget\" data-widget_type=\"heading.default\">\n\t\t\t\t<div class=\"elementor-widget-container\">\n\t\t\t\t\t<h2 class=\"elementor-heading-title elementor-size-default\"><a href=\"https:\/\/www.javeriano.edu.co\/javerianonew\/wp-content\/uploads\/2024\/11\/PROPUESTA-APGP-POLIZA-COMPANIA-DE-JESUS-2024-a-2025-2.pdf\">Propuesta aprobada a\u00f1o 2024 - 2025<\/a><\/h2>\t\t\t\t<\/div>\n\t\t\t\t<\/div>\n\t\t\t\t<div class=\"elementor-element elementor-element-68ac5b5 elementor-widget-divider--view-line elementor-widget elementor-widget-divider\" data-id=\"68ac5b5\" data-element_type=\"widget\" data-widget_type=\"divider.default\">\n\t\t\t\t<div class=\"elementor-widget-container\">\n\t\t\t\t\t\t\t<div class=\"elementor-divider\">\n\t\t\t<span class=\"elementor-divider-separator\">\n\t\t\t\t\t\t<\/span>\n\t\t<\/div>\n\t\t\t\t\t\t<\/div>\n\t\t\t\t<\/div>\n\t\t\t\t<div class=\"elementor-element elementor-element-001b65c elementor-widget elementor-widget-heading\" data-id=\"001b65c\" data-element_type=\"widget\" data-widget_type=\"heading.default\">\n\t\t\t\t<div class=\"elementor-widget-container\">\n\t\t\t\t\t<h2 class=\"elementor-heading-title elementor-size-default\"><a href=\"https:\/\/www.javeriano.edu.co\/javerianonew\/wp-content\/uploads\/2024\/11\/proceso-reclamacion-siniestros-2025.pdf\">Proceso de reclamaci\u00f3n de siniestros y formato<\/a><\/h2>\t\t\t\t<\/div>\n\t\t\t\t<\/div>\n\t\t\t\t<div class=\"elementor-element elementor-element-8a51e9b elementor-widget-divider--view-line elementor-widget elementor-widget-divider\" data-id=\"8a51e9b\" data-element_type=\"widget\" data-widget_type=\"divider.default\">\n\t\t\t\t<div class=\"elementor-widget-container\">\n\t\t\t\t\t\t\t<div class=\"elementor-divider\">\n\t\t\t<span class=\"elementor-divider-separator\">\n\t\t\t\t\t\t<\/span>\n\t\t<\/div>\n\t\t\t\t\t\t<\/div>\n\t\t\t\t<\/div>\n\t\t\t\t<\/div>\n\t\t<div class=\"elementor-element elementor-element-f9e4f09 e-con-full e-flex e-con e-child\" data-id=\"f9e4f09\" data-element_type=\"container\">\n\t\t\t\t<div class=\"elementor-element elementor-element-ad5ef8b elementor-widget elementor-widget-image\" data-id=\"ad5ef8b\" data-element_type=\"widget\" data-widget_type=\"image.default\">\n\t\t\t\t<div class=\"elementor-widget-container\">\n\t\t\t\t\t\t\t\t\t\t\t\t\t\t\t<img fetchpriority=\"high\" decoding=\"async\" width=\"800\" height=\"459\" src=\"https:\/\/www.javeriano.edu.co\/javerianonew\/wp-content\/uploads\/2024\/11\/IMG_6273-1024x588.webp\" class=\"attachment-large size-large wp-image-3481\" alt=\"\" srcset=\"https:\/\/www.javeriano.edu.co\/javerianonew\/wp-content\/uploads\/2024\/11\/IMG_6273-1024x588.webp 1024w, https:\/\/www.javeriano.edu.co\/javerianonew\/wp-content\/uploads\/2024\/11\/IMG_6273-300x172.webp 300w, https:\/\/www.javeriano.edu.co\/javerianonew\/wp-content\/uploads\/2024\/11\/IMG_6273-768x441.webp 768w, https:\/\/www.javeriano.edu.co\/javerianonew\/wp-content\/uploads\/2024\/11\/IMG_6273-1536x881.webp 1536w, https:\/\/www.javeriano.edu.co\/javerianonew\/wp-content\/uploads\/2024\/11\/IMG_6273-280x161.webp 280w, https:\/\/www.javeriano.edu.co\/javerianonew\/wp-content\/uploads\/2024\/11\/IMG_6273.webp 1800w\" sizes=\"(max-width: 800px) 100vw, 800px\" \/>\t\t\t\t\t\t\t\t\t\t\t\t\t\t\t<\/div>\n\t\t\t\t<\/div>\n\t\t\t\t<\/div>\n\t\t<div class=\"elementor-element elementor-element-2da1f71 e-con-full e-flex e-con e-child\" data-id=\"2da1f71\" data-element_type=\"container\">\n\t\t\t\t<div class=\"elementor-element elementor-element-8c1e0e3 elementor-widget elementor-widget-heading\" data-id=\"8c1e0e3\" data-element_type=\"widget\" data-widget_type=\"heading.default\">\n\t\t\t\t<div class=\"elementor-widget-container\">\n\t\t\t\t\t<h2 class=\"elementor-heading-title elementor-size-default\"><a href=\"https:\/\/portal.ideqs.com\/consultar\/POSITIVA%20COMPA%C3%91%C3%8DA%20DE%20SEGUROS%20S.A.\/VIDA\/vencimiento?identificacion=1233192768\">Descargue el carnet de su p\u00f3liza estudiantil <\/a><\/h2>\t\t\t\t<\/div>\n\t\t\t\t<\/div>\n\t\t\t\t<\/div>\n\t\t<div class=\"elementor-element elementor-element-06abd7a e-con-full e-flex e-con e-child\" data-id=\"06abd7a\" data-element_type=\"container\">\n\t\t\t\t<div class=\"elementor-element elementor-element-e891d1a elementor-widget elementor-widget-text-editor\" data-id=\"e891d1a\" data-element_type=\"widget\" data-widget_type=\"text-editor.default\">\n\t\t\t\t<div class=\"elementor-widget-container\">\n\t\t\t\t\t\t\t\t\t<p><b>Se debe ingresar la fecha de fin de la p\u00f3liza (04\/09\/2025) y el n\u00famero de identificaci\u00f3<\/b>n<b>*<\/b><u><\/u><u><\/u><\/p><p style=\"margin: 0px; color: #222222; font-family: Arial, Helvetica, sans-serif; font-size: small;\">\u00a0<\/p>\t\t\t\t\t\t\t\t<\/div>\n\t\t\t\t<\/div>\n\t\t\t\t<\/div>\n\t\t\t\t\t<\/div>\n\t\t\t\t<\/div>\n\t\t\t\t<\/div>\n\t\t","protected":false},"excerpt":{"rendered":"<p>Propuesta aprobada a\u00f1o 2024 &#8211; 2025 Proceso de reclamaci\u00f3n de siniestros y formato Descargue el carnet de su p\u00f3liza estudiantil Se debe ingresar la fecha de fin de la p\u00f3liza [&hellip;]<\/p>\n","protected":false},"author":2,"featured_media":0,"parent":0,"menu_order":0,"comment_status":"closed","ping_status":"closed","template":"","meta":{"_acf_changed":false,"footnotes":""},"class_list":["post-3477","page","type-page","status-publish","hentry"],"acf":[],"_links":{"self":[{"href":"https:\/\/www.javeriano.edu.co\/javerianonew\/wp-json\/wp\/v2\/pages\/3477"}],"collection":[{"href":"https:\/\/www.javeriano.edu.co\/javerianonew\/wp-json\/wp\/v2\/pages"}],"about":[{"href":"https:\/\/www.javeriano.edu.co\/javerianonew\/wp-json\/wp\/v2\/types\/page"}],"author":[{"embeddable":true,"href":"https:\/\/www.javeriano.edu.co\/javerianonew\/wp-json\/wp\/v2\/users\/2"}],"replies":[{"embeddable":true,"href":"https:\/\/www.javeriano.edu.co\/javerianonew\/wp-json\/wp\/v2\/comments?post=3477"}],"version-history":[{"count":4,"href":"https:\/\/www.javeriano.edu.co\/javerianonew\/wp-json\/wp\/v2\/pages\/3477\/revisions"}],"predecessor-version":[{"id":3484,"href":"https:\/\/www.javeriano.edu.co\/javerianonew\/wp-json\/wp\/v2\/pages\/3477\/revisions\/3484"}],"wp:attachment":[{"href":"https:\/\/www.javeriano.edu.co\/javerianonew\/wp-json\/wp\/v2\/media?parent=3477"}],"curies":[{"name":"wp","href":"https:\/\/api.w.org\/{rel}","templated":true}]}}